{"id":135,"date":"2018-08-09T20:47:45","date_gmt":"2018-08-09T20:47:45","guid":{"rendered":"http:\/\/iv-wesseling.de\/?page_id=135"},"modified":"2025-08-25T08:56:02","modified_gmt":"2025-08-25T08:56:02","slug":"2016-2","status":"publish","type":"page","link":"https:\/\/iv-wesseling.de\/?page_id=135","title":{"rendered":"Adventssingen"},"content":{"rendered":"\n<p>Adventssingen in der Wesselinger Innenstadt<\/p>\n\n\n\n<p>Jedes Jahr l\u00e4dt der Innenstadtverein Wesseling e.V. gemeinsam mit dem Citymanagement der Stadt Wesseling zum beliebten Adventssingen in der Innenstadt ein \u2013 einer Veranstaltung, die mittlerweile zu einer sch\u00f6nen Tradition geworden ist. In einer festlich geschm\u00fcckten Atmosph\u00e4re kommen Wesselingerinnen und Wesselinger jeden Alters zusammen, um die Vorfreude auf Weihnachten zu teilen.<\/p>\n\n\n\n<p>Das Adventssingen ist ein echtes Highlight f\u00fcr die ganze Familie. Der Nikolaus verteilt kleine Geschenke an die Kinder, w\u00e4hrend Musiker Peter Weiler die Besucher mit klassischen Weihnachtsliedern zum Mitsingen anregt. Wer es gerne etwas w\u00e4rmer mag, kann sich bei einem hei\u00dfen Gl\u00fchwein oder Kinderpunsch vom Festkomitee Wesselinger Karneval e.V. aufw\u00e4rmen und gleichzeitig leckere W\u00fcrstchen genie\u00dfen.<\/p>\n\n\n\n<p>F\u00fcr die kleinen Besucher gibt es au\u00dferdem jede Menge zu entdecken: An den Feuerstellen der Jugendfeuerwehr k\u00f6nnen die Kinder ihr eigenes Stockbrot backen und sich dabei auf die besinnliche Zeit einstimmen. Und auch f\u00fcr gute Unterhaltung ist gesorgt \u2013 der Kindertanzcorps der KG Wesselinger Radschl\u00e4ger e.V. sorgt mit einem mitrei\u00dfenden Auftritt f\u00fcr eine fr\u00f6hliche Stimmung.<\/p>\n\n\n\n<p>Das Adventssingen ist ein eventuelles Gemeinschaftserlebnis, bei dem alle Wesselinger herzlich eingeladen sind, mitzusingen und die Adventszeit in gem\u00fctlicher Runde zu genie\u00dfen. Der Innenstadtverein Wesseling e.V. freut sich \u00fcber die tatkr\u00e4ftige Unterst\u00fctzung der Stadt Wesseling und vieler weiterer lokaler Partner, die diese wunderbare Veranstaltung m\u00f6glich machen.<\/p>\n\n\n\n<p>Verpassen Sie nicht dieses j\u00e4hrliche Highlight \u2013 und seien Sie dabei, wenn wir gemeinsam die Vorweihnachtszeit feiern!<\/p>\n\n\n\n<p><\/p>\n\n\n\n<figure class=\"wp-block-image size-large\"><img loading=\"lazy\" decoding=\"async\" width=\"768\" height=\"1024\" src=\"https:\/\/iv-wesseling.de\/wp-content\/uploads\/2025\/08\/Nikolaus2023-768x1024.jpg\" alt=\"\" class=\"wp-image-524\" srcset=\"https:\/\/iv-wesseling.de\/wp-content\/uploads\/2025\/08\/Nikolaus2023-768x1024.jpg 768w, https:\/\/iv-wesseling.de\/wp-content\/uploads\/2025\/08\/Nikolaus2023-225x300.jpg 225w, https:\/\/iv-wesseling.de\/wp-content\/uploads\/2025\/08\/Nikolaus2023-1152x1536.jpg 1152w, https:\/\/iv-wesseling.de\/wp-content\/uploads\/2025\/08\/Nikolaus2023-1200x1600.jpg 1200w, https:\/\/iv-wesseling.de\/wp-content\/uploads\/2025\/08\/Nikolaus2023.jpg 1512w\" sizes=\"auto, (max-width: 768px) 85vw, 768px\" \/><\/figure>\n\n\n\n<figure class=\"wp-block-image size-large\"><img loading=\"lazy\" decoding=\"async\" width=\"768\" height=\"1024\" src=\"https:\/\/iv-wesseling.de\/wp-content\/uploads\/2025\/08\/Adventssingen2023_3-768x1024.jpg\" alt=\"\" class=\"wp-image-525\" srcset=\"https:\/\/iv-wesseling.de\/wp-content\/uploads\/2025\/08\/Adventssingen2023_3-768x1024.jpg 768w, https:\/\/iv-wesseling.de\/wp-content\/uploads\/2025\/08\/Adventssingen2023_3-225x300.jpg 225w, https:\/\/iv-wesseling.de\/wp-content\/uploads\/2025\/08\/Adventssingen2023_3-1152x1536.jpg 1152w, https:\/\/iv-wesseling.de\/wp-content\/uploads\/2025\/08\/Adventssingen2023_3-1200x1600.jpg 1200w, https:\/\/iv-wesseling.de\/wp-content\/uploads\/2025\/08\/Adventssingen2023_3.jpg 1512w\" sizes=\"auto, (max-width: 768px) 85vw, 768px\" \/><\/figure>\n\n\n\n<figure class=\"wp-block-image size-large\"><img loading=\"lazy\" decoding=\"async\" width=\"768\" height=\"1024\" src=\"https:\/\/iv-wesseling.de\/wp-content\/uploads\/2025\/08\/Adventssingen2023-768x1024.jpg\" alt=\"\" class=\"wp-image-526\" srcset=\"https:\/\/iv-wesseling.de\/wp-content\/uploads\/2025\/08\/Adventssingen2023-768x1024.jpg 768w, https:\/\/iv-wesseling.de\/wp-content\/uploads\/2025\/08\/Adventssingen2023-225x300.jpg 225w, https:\/\/iv-wesseling.de\/wp-content\/uploads\/2025\/08\/Adventssingen2023-1152x1536.jpg 1152w, https:\/\/iv-wesseling.de\/wp-content\/uploads\/2025\/08\/Adventssingen2023-1200x1600.jpg 1200w, https:\/\/iv-wesseling.de\/wp-content\/uploads\/2025\/08\/Adventssingen2023.jpg 1512w\" sizes=\"auto, (max-width: 768px) 85vw, 768px\" \/><\/figure>\n","protected":false},"excerpt":{"rendered":"<p>Adventssingen in der Wesselinger Innenstadt Jedes Jahr l\u00e4dt der Innenstadtverein Wesseling e.V. gemeinsam mit dem Citymanagement der Stadt Wesseling zum beliebten Adventssingen in der Innenstadt ein \u2013 einer Veranstaltung, die mittlerweile zu einer sch\u00f6nen Tradition geworden ist. In einer festlich geschm\u00fcckten Atmosph\u00e4re kommen Wesselingerinnen und Wesselinger jeden Alters zusammen, um die Vorfreude auf Weihnachten zu &hellip; <a href=\"https:\/\/iv-wesseling.de\/?page_id=135\" class=\"more-link\"><span class=\"screen-reader-text\">\u201eAdventssingen\u201c<\/span> weiterlesen<\/a><\/p>\n","protected":false},"author":1,"featured_media":0,"parent":0,"menu_order":0,"comment_status":"closed","ping_status":"closed","template":"","meta":{"footnotes":""},"class_list":["post-135","page","type-page","status-publish","hentry"],"_links":{"self":[{"href":"https:\/\/iv-wesseling.de\/index.php?rest_route=\/wp\/v2\/pages\/135","targetHints":{"allow":["GET"]}}],"collection":[{"href":"https:\/\/iv-wesseling.de\/index.php?rest_route=\/wp\/v2\/pages"}],"about":[{"href":"https:\/\/iv-wesseling.de\/index.php?rest_route=\/wp\/v2\/types\/page"}],"author":[{"embeddable":true,"href":"https:\/\/iv-wesseling.de\/index.php?rest_route=\/wp\/v2\/users\/1"}],"replies":[{"embeddable":true,"href":"https:\/\/iv-wesseling.de\/index.php?rest_route=%2Fwp%2Fv2%2Fcomments&post=135"}],"version-history":[{"count":5,"href":"https:\/\/iv-wesseling.de\/index.php?rest_route=\/wp\/v2\/pages\/135\/revisions"}],"predecessor-version":[{"id":528,"href":"https:\/\/iv-wesseling.de\/index.php?rest_route=\/wp\/v2\/pages\/135\/revisions\/528"}],"wp:attachment":[{"href":"https:\/\/iv-wesseling.de\/index.php?rest_route=%2Fwp%2Fv2%2Fmedia&parent=135"}],"curies":[{"name":"wp","href":"https:\/\/api.w.org\/{rel}","templated":true}]}}