{"id":551,"date":"2025-08-27T10:20:45","date_gmt":"2025-08-27T10:20:45","guid":{"rendered":"https:\/\/iv-wesseling.de\/?page_id=551"},"modified":"2025-08-27T10:23:53","modified_gmt":"2025-08-27T10:23:53","slug":"spielzeug-spende","status":"publish","type":"page","link":"https:\/\/iv-wesseling.de\/?page_id=551","title":{"rendered":"Spielzeug-Spende"},"content":{"rendered":"\n<p>&#8230;f\u00fcr die Sandk\u00e4sten in der Wesselinger Innenstadt<\/p>\n\n\n\n<p>Der Innenstadtverein Wesseling engagiert sich jedes Jahr f\u00fcr die kleinen Besucher in unserer Innenstadt. <\/p>\n\n\n\n<p>Wir spenden liebevoll ausgew\u00e4hltes Spielzeug f\u00fcr die Sandk\u00e4sten, damit Kinder beim Spielen und Toben viel Freude haben. So m\u00f6chten wir einen bunten und einladenden Ort schaffen, an dem sich Familien wohlf\u00fchlen und die Innenstadt lebendig bleibt.<\/p>\n\n\n\n<figure class=\"wp-block-image size-large\"><img loading=\"lazy\" decoding=\"async\" width=\"768\" height=\"1024\" src=\"https:\/\/iv-wesseling.de\/wp-content\/uploads\/2025\/08\/MEWSandkastenspielzeugSpende-768x1024.jpg\" alt=\"\" class=\"wp-image-552\" srcset=\"https:\/\/iv-wesseling.de\/wp-content\/uploads\/2025\/08\/MEWSandkastenspielzeugSpende-768x1024.jpg 768w, https:\/\/iv-wesseling.de\/wp-content\/uploads\/2025\/08\/MEWSandkastenspielzeugSpende-225x300.jpg 225w, https:\/\/iv-wesseling.de\/wp-content\/uploads\/2025\/08\/MEWSandkastenspielzeugSpende-1152x1536.jpg 1152w, https:\/\/iv-wesseling.de\/wp-content\/uploads\/2025\/08\/MEWSandkastenspielzeugSpende-1200x1600.jpg 1200w, https:\/\/iv-wesseling.de\/wp-content\/uploads\/2025\/08\/MEWSandkastenspielzeugSpende.jpg 1512w\" sizes=\"auto, (max-width: 768px) 85vw, 768px\" \/><\/figure>\n\n\n\n<figure class=\"wp-block-image size-large\"><img loading=\"lazy\" decoding=\"async\" width=\"767\" height=\"1024\" src=\"https:\/\/iv-wesseling.de\/wp-content\/uploads\/2025\/08\/230504-Kinderstrand-Bahnhofstrasse-2021-767x1024.jpeg\" alt=\"\" class=\"wp-image-555\" srcset=\"https:\/\/iv-wesseling.de\/wp-content\/uploads\/2025\/08\/230504-Kinderstrand-Bahnhofstrasse-2021-767x1024.jpeg 767w, https:\/\/iv-wesseling.de\/wp-content\/uploads\/2025\/08\/230504-Kinderstrand-Bahnhofstrasse-2021-225x300.jpeg 225w, https:\/\/iv-wesseling.de\/wp-content\/uploads\/2025\/08\/230504-Kinderstrand-Bahnhofstrasse-2021-768x1025.jpeg 768w, https:\/\/iv-wesseling.de\/wp-content\/uploads\/2025\/08\/230504-Kinderstrand-Bahnhofstrasse-2021.jpeg 1050w\" sizes=\"auto, (max-width: 767px) 85vw, 767px\" \/><\/figure>\n","protected":false},"excerpt":{"rendered":"<p>&#8230;f\u00fcr die Sandk\u00e4sten in der Wesselinger Innenstadt Der Innenstadtverein Wesseling engagiert sich jedes Jahr f\u00fcr die kleinen Besucher in unserer Innenstadt. Wir spenden liebevoll ausgew\u00e4hltes Spielzeug f\u00fcr die Sandk\u00e4sten, damit Kinder beim Spielen und Toben viel Freude haben. So m\u00f6chten wir einen bunten und einladenden Ort schaffen, an dem sich Familien wohlf\u00fchlen und die Innenstadt &hellip; <a href=\"https:\/\/iv-wesseling.de\/?page_id=551\" class=\"more-link\"><span class=\"screen-reader-text\">\u201eSpielzeug-Spende\u201c<\/span> weiterlesen<\/a><\/p>\n","protected":false},"author":1,"featured_media":0,"parent":0,"menu_order":0,"comment_status":"closed","ping_status":"closed","template":"","meta":{"footnotes":""},"class_list":["post-551","page","type-page","status-publish","hentry"],"_links":{"self":[{"href":"https:\/\/iv-wesseling.de\/index.php?rest_route=\/wp\/v2\/pages\/551","targetHints":{"allow":["GET"]}}],"collection":[{"href":"https:\/\/iv-wesseling.de\/index.php?rest_route=\/wp\/v2\/pages"}],"about":[{"href":"https:\/\/iv-wesseling.de\/index.php?rest_route=\/wp\/v2\/types\/page"}],"author":[{"embeddable":true,"href":"https:\/\/iv-wesseling.de\/index.php?rest_route=\/wp\/v2\/users\/1"}],"replies":[{"embeddable":true,"href":"https:\/\/iv-wesseling.de\/index.php?rest_route=%2Fwp%2Fv2%2Fcomments&post=551"}],"version-history":[{"count":2,"href":"https:\/\/iv-wesseling.de\/index.php?rest_route=\/wp\/v2\/pages\/551\/revisions"}],"predecessor-version":[{"id":556,"href":"https:\/\/iv-wesseling.de\/index.php?rest_route=\/wp\/v2\/pages\/551\/revisions\/556"}],"wp:attachment":[{"href":"https:\/\/iv-wesseling.de\/index.php?rest_route=%2Fwp%2Fv2%2Fmedia&parent=551"}],"curies":[{"name":"wp","href":"https:\/\/api.w.org\/{rel}","templated":true}]}}